{"version":"1.0","provider_name":"San Blas  Canillejas","provider_url":"https:\/\/diario.madrid.es\/sanblascanillejas","title":"\u00a1Bienvenida 167!","type":"rich","width":600,"height":338,"html":"<blockquote class=\"wp-embedded-content\" data-secret=\"ZrE7IVa29m\"><a href=\"https:\/\/diario.madrid.es\/sanblascanillejas\/2021\/02\/25\/bienvenida-167\/\">\u00a1Bienvenida 167!<\/a><\/blockquote><iframe sandbox=\"allow-scripts\" security=\"restricted\" src=\"https:\/\/diario.madrid.es\/sanblascanillejas\/2021\/02\/25\/bienvenida-167\/embed\/#?secret=ZrE7IVa29m\" width=\"600\" height=\"338\" title=\"\u00ab\u00a1Bienvenida 167!\u00bb \u2014 San Blas  Canillejas\" data-secret=\"ZrE7IVa29m\" frameborder=\"0\" marginwidth=\"0\" marginheight=\"0\" scrolling=\"no\" class=\"wp-embedded-content\"><\/iframe><script type=\"text\/javascript\">\n\/* <![CDATA[ *\/\n\/*! This file is auto-generated *\/\n!function(d,l){\"use strict\";l.querySelector&&d.addEventListener&&\"undefined\"!=typeof URL&&(d.wp=d.wp||{},d.wp.receiveEmbedMessage||(d.wp.receiveEmbedMessage=function(e){var t=e.data;if((t||t.secret||t.message||t.value)&&!\/[^a-zA-Z0-9]\/.test(t.secret)){for(var s,r,n,a=l.querySelectorAll('iframe[data-secret=\"'+t.secret+'\"]'),o=l.querySelectorAll('blockquote[data-secret=\"'+t.secret+'\"]'),c=new RegExp(\"^https?:$\",\"i\"),i=0;i<o.length;i++)o[i].style.display=\"none\";for(i=0;i<a.length;i++)s=a[i],e.source===s.contentWindow&&(s.removeAttribute(\"style\"),\"height\"===t.message?(1e3<(r=parseInt(t.value,10))?r=1e3:~~r<200&&(r=200),s.height=r):\"link\"===t.message&&(r=new URL(s.getAttribute(\"src\")),n=new URL(t.value),c.test(n.protocol))&&n.host===r.host&&l.activeElement===s&&(d.top.location.href=t.value))}},d.addEventListener(\"message\",d.wp.receiveEmbedMessage,!1),l.addEventListener(\"DOMContentLoaded\",function(){for(var e,t,s=l.querySelectorAll(\"iframe.wp-embedded-content\"),r=0;r<s.length;r++)(t=(e=s[r]).getAttribute(\"data-secret\"))||(t=Math.random().toString(36).substring(2,12),e.src+=\"#?secret=\"+t,e.setAttribute(\"data-secret\",t)),e.contentWindow.postMessage({message:\"ready\",secret:t},\"*\")},!1)))}(window,document);\n\/* ]]> *\/\n<\/script>\n","thumbnail_url":"https:\/\/diario.madrid.es\/sanblascanillejas\/wp-content\/uploads\/sites\/37\/2021\/02\/167-1.jpg","thumbnail_width":720,"thumbnail_height":470,"description":"Recientemente se ha inaugurado la l\u00ednea de la EMT 167 que conecta Colonia Fin de Semana con Alsacia, una l\u00ednea muy demandada por el barrio de Rejas que recorre 22,65 kil\u00f3metros en un itinerario con 23 paradas intermedias en un sentido y 24 en el otro."}

Recientemente se ha inaugurado la línea de la EMT 167 que conecta Colonia Fin de Semana con Alsacia, una línea muy demandada por el barrio de Rejas que recorre 22,65 kilómetros en un itinerario con 23 paradas intermedias en un sentido y 24 en el otro.
