{"version":"1.0","provider_name":"Retiro","provider_url":"https:\/\/diario.madrid.es\/retiro","title":"\u2018Cuerpos Celestes\u2019, la vida paralela de Manolo Garc\u00eda","type":"rich","width":600,"height":338,"html":"<blockquote class=\"wp-embedded-content\" data-secret=\"k6ZSlZnmE0\"><a href=\"https:\/\/diario.madrid.es\/retiro\/2022\/12\/21\/cuerpos-celestes-la-vida-paralela-de-manolo-garcia\/\">\u2018Cuerpos Celestes\u2019, la vida paralela de Manolo Garc\u00eda<\/a><\/blockquote><iframe sandbox=\"allow-scripts\" security=\"restricted\" src=\"https:\/\/diario.madrid.es\/retiro\/2022\/12\/21\/cuerpos-celestes-la-vida-paralela-de-manolo-garcia\/embed\/#?secret=k6ZSlZnmE0\" width=\"600\" height=\"338\" title=\"\u00ab\u2018Cuerpos Celestes\u2019, la vida paralela de Manolo Garc\u00eda\u00bb \u2014 Retiro\" data-secret=\"k6ZSlZnmE0\" frameborder=\"0\" marginwidth=\"0\" marginheight=\"0\" scrolling=\"no\" class=\"wp-embedded-content\"><\/iframe><script type=\"text\/javascript\">\n\/* <![CDATA[ *\/\n\/*! This file is auto-generated *\/\n!function(d,l){\"use strict\";l.querySelector&&d.addEventListener&&\"undefined\"!=typeof URL&&(d.wp=d.wp||{},d.wp.receiveEmbedMessage||(d.wp.receiveEmbedMessage=function(e){var t=e.data;if((t||t.secret||t.message||t.value)&&!\/[^a-zA-Z0-9]\/.test(t.secret)){for(var s,r,n,a=l.querySelectorAll('iframe[data-secret=\"'+t.secret+'\"]'),o=l.querySelectorAll('blockquote[data-secret=\"'+t.secret+'\"]'),c=new RegExp(\"^https?:$\",\"i\"),i=0;i<o.length;i++)o[i].style.display=\"none\";for(i=0;i<a.length;i++)s=a[i],e.source===s.contentWindow&&(s.removeAttribute(\"style\"),\"height\"===t.message?(1e3<(r=parseInt(t.value,10))?r=1e3:~~r<200&&(r=200),s.height=r):\"link\"===t.message&&(r=new URL(s.getAttribute(\"src\")),n=new URL(t.value),c.test(n.protocol))&&n.host===r.host&&l.activeElement===s&&(d.top.location.href=t.value))}},d.addEventListener(\"message\",d.wp.receiveEmbedMessage,!1),l.addEventListener(\"DOMContentLoaded\",function(){for(var e,t,s=l.querySelectorAll(\"iframe.wp-embedded-content\"),r=0;r<s.length;r++)(t=(e=s[r]).getAttribute(\"data-secret\"))||(t=Math.random().toString(36).substring(2,12),e.src+=\"#?secret=\"+t,e.setAttribute(\"data-secret\",t)),e.contentWindow.postMessage({message:\"ready\",secret:t},\"*\")},!1)))}(window,document);\n\/* ]]> *\/\n<\/script>\n","thumbnail_url":"https:\/\/diario.madrid.es\/retiro\/wp-content\/uploads\/sites\/25\/2022\/12\/foto7.jpg","thumbnail_width":813,"thumbnail_height":749,"description":"Durante este mes de diciembre el centro cultural Casa de Vacas, en el Parque del Retiro, acoge una extensa retrospectiva de la obra del popular cantautor y compositor catal\u00e1n Manolo Garc\u00eda bajo el t\u00edtulo Cuerpos Celestes. La muestra recoge alrededor de 200 obras realizadas en diferentes t\u00e9cnicas como pintura, collage, dibujo o esculturas creadas desde 1977 hasta nuestros d\u00edas. Una prol\u00edfica obra que el artista ha realizado en paralelo a su carrera musical. Algunas de ellas han ilustrado portadas e interiores de sus \u00e1lbumes como por ejemplo la portada de Arena en los bolsillos, de Nuevas Mezclas de El \u00daltimo de la Fila o de Geometr\u00eda del Rayo."}

‘Cuerpos Celestes’, la vida paralela de Manolo García

<blockquote class="wp-embedded-content" data-secret="k6ZSlZnmE0"><a href="https://diario.madrid.es/retiro/2022/12/21/cuerpos-celestes-la-vida-paralela-de-manolo-garcia/">‘Cuerpos Celestes’, la vida paralela de Manolo García</a></blockquote><iframe sandbox="allow-scripts" security="restricted" src="https://diario.madrid.es/retiro/2022/12/21/cuerpos-celestes-la-vida-paralela-de-manolo-garcia/embed/#?secret=k6ZSlZnmE0" width="600" height="338" title="«‘Cuerpos Celestes’, la vida paralela de Manolo García» — Retiro" data-secret="k6ZSlZnmE0" frameborder="0" marginwidth="0" marginheight="0" scrolling="no" class="wp-embedded-content"></iframe><script type="text/javascript">
/* <![CDATA[ */
/*! This file is auto-generated */
!function(d,l){"use strict";l.querySelector&&d.addEventListener&&"undefined"!=typeof URL&&(d.wp=d.wp||{},d.wp.receiveEmbedMessage||(d.wp.receiveEmbedMessage=function(e){var t=e.data;if((t||t.secret||t.message||t.value)&&!/[^a-zA-Z0-9]/.test(t.secret)){for(var s,r,n,a=l.querySelectorAll('iframe[data-secret="'+t.secret+'"]'),o=l.querySelectorAll('blockquote[data-secret="'+t.secret+'"]'),c=new RegExp("^https?:$","i"),i=0;i<o.length;i++)o[i].style.display="none";for(i=0;i<a.length;i++)s=a[i],e.source===s.contentWindow&&(s.removeAttribute("style"),"height"===t.message?(1e3<(r=parseInt(t.value,10))?r=1e3:~~r<200&&(r=200),s.height=r):"link"===t.message&&(r=new URL(s.getAttribute("src")),n=new URL(t.value),c.test(n.protocol))&&n.host===r.host&&l.activeElement===s&&(d.top.location.href=t.value))}},d.addEventListener("message",d.wp.receiveEmbedMessage,!1),l.addEventListener("DOMContentLoaded",function(){for(var e,t,s=l.querySelectorAll("iframe.wp-embedded-content"),r=0;r<s.length;r++)(t=(e=s[r]).getAttribute("data-secret"))||(t=Math.random().toString(36).substring(2,12),e.src+="#?secret="+t,e.setAttribute("data-secret",t)),e.contentWindow.postMessage({message:"ready",secret:t},"*")},!1)))}(window,document);
/* ]]> */
</script>

Durante este mes de diciembre el centro cultural Casa de Vacas, en el Parque del Retiro, acoge una extensa retrospectiva de la obra del popular cantautor y compositor catalán Manolo García bajo el título Cuerpos Celestes. La muestra recoge alrededor de 200 obras realizadas en diferentes técnicas como pintura, collage, dibujo o esculturas creadas desde 1977 hasta nuestros días. Una prolífica obra que el artista ha realizado en paralelo a su carrera musical. Algunas de ellas han ilustrado portadas e interiores de sus álbumes como por ejemplo la portada de Arena en los bolsillos, de Nuevas Mezclas de El Último de la Fila o de Geometría del Rayo.
