{"version":"1.0","provider_name":"Programa de Actividades Ambientales","provider_url":"https:\/\/diario.madrid.es\/programambientales","title":"Paseo tard\u00edo en el julio madrile\u00f1o","type":"rich","width":600,"height":338,"html":"<blockquote class=\"wp-embedded-content\" data-secret=\"69Da571qIV\"><a href=\"https:\/\/diario.madrid.es\/programambientales\/paseo-tardio-en-el-julio-madrileno\/\">Paseo tard\u00edo en el julio madrile\u00f1o<\/a><\/blockquote><iframe sandbox=\"allow-scripts\" security=\"restricted\" src=\"https:\/\/diario.madrid.es\/programambientales\/paseo-tardio-en-el-julio-madrileno\/embed\/#?secret=69Da571qIV\" width=\"600\" height=\"338\" title=\"\u00abPaseo tard\u00edo en el julio madrile\u00f1o\u00bb \u2014 Programa de Actividades Ambientales\" data-secret=\"69Da571qIV\" frameborder=\"0\" marginwidth=\"0\" marginheight=\"0\" scrolling=\"no\" class=\"wp-embedded-content\"><\/iframe><script type=\"text\/javascript\">\n\/* <![CDATA[ *\/\n\/*! This file is auto-generated *\/\n!function(d,l){\"use strict\";l.querySelector&&d.addEventListener&&\"undefined\"!=typeof URL&&(d.wp=d.wp||{},d.wp.receiveEmbedMessage||(d.wp.receiveEmbedMessage=function(e){var t=e.data;if((t||t.secret||t.message||t.value)&&!\/[^a-zA-Z0-9]\/.test(t.secret)){for(var s,r,n,a=l.querySelectorAll('iframe[data-secret=\"'+t.secret+'\"]'),o=l.querySelectorAll('blockquote[data-secret=\"'+t.secret+'\"]'),c=new RegExp(\"^https?:$\",\"i\"),i=0;i<o.length;i++)o[i].style.display=\"none\";for(i=0;i<a.length;i++)s=a[i],e.source===s.contentWindow&&(s.removeAttribute(\"style\"),\"height\"===t.message?(1e3<(r=parseInt(t.value,10))?r=1e3:~~r<200&&(r=200),s.height=r):\"link\"===t.message&&(r=new URL(s.getAttribute(\"src\")),n=new URL(t.value),c.test(n.protocol))&&n.host===r.host&&l.activeElement===s&&(d.top.location.href=t.value))}},d.addEventListener(\"message\",d.wp.receiveEmbedMessage,!1),l.addEventListener(\"DOMContentLoaded\",function(){for(var e,t,s=l.querySelectorAll(\"iframe.wp-embedded-content\"),r=0;r<s.length;r++)(t=(e=s[r]).getAttribute(\"data-secret\"))||(t=Math.random().toString(36).substring(2,12),e.src+=\"#?secret=\"+t,e.setAttribute(\"data-secret\",t)),e.contentWindow.postMessage({message:\"ready\",secret:t},\"*\")},!1)))}(window,document);\n\/* ]]> *\/\n<\/script>\n","description":"La luz de Madrid al atardecer es siempre impresionante, pero quiz\u00e1 en julio sea a\u00fan m\u00e1s especial. El pintor Antonio L\u00f3pez empez\u00f3 hace 11 a\u00f1os una obra en la madrile\u00f1a Puerta del Sol, para captar \u201cla luz especial\u201d. Contin\u00faa en este mes, de nuevo, con su especial sensibilidad marcando incluso en el suelo la posici\u00f3n [&hellip;]","thumbnail_url":"https:\/\/diario.madrid.es\/programambientales\/wp-content\/uploads\/sites\/58\/2021\/07\/MadridAtarceder2.jpg","thumbnail_width":1512,"thumbnail_height":2016}

Paseo tardío en el julio madrileño

<blockquote class="wp-embedded-content" data-secret="69Da571qIV"><a href="https://diario.madrid.es/programambientales/paseo-tardio-en-el-julio-madrileno/">Paseo tardío en el julio madrileño</a></blockquote><iframe sandbox="allow-scripts" security="restricted" src="https://diario.madrid.es/programambientales/paseo-tardio-en-el-julio-madrileno/embed/#?secret=69Da571qIV" width="600" height="338" title="«Paseo tardío en el julio madrileño» — Programa de Actividades Ambientales" data-secret="69Da571qIV" frameborder="0" marginwidth="0" marginheight="0" scrolling="no" class="wp-embedded-content"></iframe><script type="text/javascript">
/* <![CDATA[ */
/*! This file is auto-generated */
!function(d,l){"use strict";l.querySelector&&d.addEventListener&&"undefined"!=typeof URL&&(d.wp=d.wp||{},d.wp.receiveEmbedMessage||(d.wp.receiveEmbedMessage=function(e){var t=e.data;if((t||t.secret||t.message||t.value)&&!/[^a-zA-Z0-9]/.test(t.secret)){for(var s,r,n,a=l.querySelectorAll('iframe[data-secret="'+t.secret+'"]'),o=l.querySelectorAll('blockquote[data-secret="'+t.secret+'"]'),c=new RegExp("^https?:$","i"),i=0;i<o.length;i++)o[i].style.display="none";for(i=0;i<a.length;i++)s=a[i],e.source===s.contentWindow&&(s.removeAttribute("style"),"height"===t.message?(1e3<(r=parseInt(t.value,10))?r=1e3:~~r<200&&(r=200),s.height=r):"link"===t.message&&(r=new URL(s.getAttribute("src")),n=new URL(t.value),c.test(n.protocol))&&n.host===r.host&&l.activeElement===s&&(d.top.location.href=t.value))}},d.addEventListener("message",d.wp.receiveEmbedMessage,!1),l.addEventListener("DOMContentLoaded",function(){for(var e,t,s=l.querySelectorAll("iframe.wp-embedded-content"),r=0;r<s.length;r++)(t=(e=s[r]).getAttribute("data-secret"))||(t=Math.random().toString(36).substring(2,12),e.src+="#?secret="+t,e.setAttribute("data-secret",t)),e.contentWindow.postMessage({message:"ready",secret:t},"*")},!1)))}(window,document);
/* ]]> */
</script>

La luz de Madrid al atardecer es siempre impresionante, pero quizá en julio sea aún más especial. El pintor Antonio López empezó hace 11 años una obra en la madrileña Puerta del Sol, para captar “la luz especial”. Continúa en este mes, de nuevo, con su especial sensibilidad marcando incluso en el suelo la posición [&hellip;]
