{"version":"1.0","provider_name":"Moncloa Aravaca","provider_url":"https:\/\/diario.madrid.es\/moncloa-aravaca","title":"Dise\u00f1amos contigo las \u00e1reas verdes del Manzanares","type":"rich","width":600,"height":338,"html":"<blockquote class=\"wp-embedded-content\" data-secret=\"7zajVCvoNm\"><a href=\"https:\/\/diario.madrid.es\/moncloa-aravaca\/2018\/05\/21\/areas-verdes-colonia-manzanares\/\">Dise\u00f1amos contigo las \u00e1reas verdes del Manzanares<\/a><\/blockquote><iframe sandbox=\"allow-scripts\" security=\"restricted\" src=\"https:\/\/diario.madrid.es\/moncloa-aravaca\/2018\/05\/21\/areas-verdes-colonia-manzanares\/embed\/#?secret=7zajVCvoNm\" width=\"600\" height=\"338\" title=\"\u00abDise\u00f1amos contigo las \u00e1reas verdes del Manzanares\u00bb \u2014 Moncloa Aravaca\" data-secret=\"7zajVCvoNm\" frameborder=\"0\" marginwidth=\"0\" marginheight=\"0\" scrolling=\"no\" class=\"wp-embedded-content\"><\/iframe><script type=\"text\/javascript\">\n\/* <![CDATA[ *\/\n\/*! This file is auto-generated *\/\n!function(d,l){\"use strict\";l.querySelector&&d.addEventListener&&\"undefined\"!=typeof URL&&(d.wp=d.wp||{},d.wp.receiveEmbedMessage||(d.wp.receiveEmbedMessage=function(e){var t=e.data;if((t||t.secret||t.message||t.value)&&!\/[^a-zA-Z0-9]\/.test(t.secret)){for(var s,r,n,a=l.querySelectorAll('iframe[data-secret=\"'+t.secret+'\"]'),o=l.querySelectorAll('blockquote[data-secret=\"'+t.secret+'\"]'),c=new RegExp(\"^https?:$\",\"i\"),i=0;i<o.length;i++)o[i].style.display=\"none\";for(i=0;i<a.length;i++)s=a[i],e.source===s.contentWindow&&(s.removeAttribute(\"style\"),\"height\"===t.message?(1e3<(r=parseInt(t.value,10))?r=1e3:~~r<200&&(r=200),s.height=r):\"link\"===t.message&&(r=new URL(s.getAttribute(\"src\")),n=new URL(t.value),c.test(n.protocol))&&n.host===r.host&&l.activeElement===s&&(d.top.location.href=t.value))}},d.addEventListener(\"message\",d.wp.receiveEmbedMessage,!1),l.addEventListener(\"DOMContentLoaded\",function(){for(var e,t,s=l.querySelectorAll(\"iframe.wp-embedded-content\"),r=0;r<s.length;r++)(t=(e=s[r]).getAttribute(\"data-secret\"))||(t=Math.random().toString(36).substring(2,12),e.src+=\"#?secret=\"+t,e.setAttribute(\"data-secret\",t)),e.contentWindow.postMessage({message:\"ready\",secret:t},\"*\")},!1)))}(window,document);\n\/* ]]> *\/\n<\/script>\n","thumbnail_url":"https:\/\/diario.madrid.es\/moncloa-aravaca\/wp-content\/uploads\/sites\/28\/2018\/05\/Gal_SabanesRenaturalizacionRio_8-1500x1000-1.jpg","thumbnail_width":1353,"thumbnail_height":856,"description":"Desde el \u00c1rea de Medio Ambiente y Movilidad, en colaboraci\u00f3n con el distrito de Moncloa-Aravaca, buscamos contar con la opini\u00f3n de todas las vecinas y vecinos en el proyecto de zonas verdes. Por este motivo, el pr\u00f3ximo 24 de mayo queremos presentarte el proyecto que hemos pensado para las \u00e1reas verdes de la Colonia del Manzanares a partir del taller de ideas que realizamos el pasado mes de diciembre. Es una iniciativa abierta en la que seguimos buscando ideas para dise\u00f1ar entre todas y todos las zonas verdes del barrio de Manzanares."}

Diseñamos contigo las áreas verdes del Manzanares

<blockquote class="wp-embedded-content" data-secret="7zajVCvoNm"><a href="https://diario.madrid.es/moncloa-aravaca/2018/05/21/areas-verdes-colonia-manzanares/">Diseñamos contigo las áreas verdes del Manzanares</a></blockquote><iframe sandbox="allow-scripts" security="restricted" src="https://diario.madrid.es/moncloa-aravaca/2018/05/21/areas-verdes-colonia-manzanares/embed/#?secret=7zajVCvoNm" width="600" height="338" title="«Diseñamos contigo las áreas verdes del Manzanares» — Moncloa Aravaca" data-secret="7zajVCvoNm" frameborder="0" marginwidth="0" marginheight="0" scrolling="no" class="wp-embedded-content"></iframe><script type="text/javascript">
/* <![CDATA[ */
/*! This file is auto-generated */
!function(d,l){"use strict";l.querySelector&&d.addEventListener&&"undefined"!=typeof URL&&(d.wp=d.wp||{},d.wp.receiveEmbedMessage||(d.wp.receiveEmbedMessage=function(e){var t=e.data;if((t||t.secret||t.message||t.value)&&!/[^a-zA-Z0-9]/.test(t.secret)){for(var s,r,n,a=l.querySelectorAll('iframe[data-secret="'+t.secret+'"]'),o=l.querySelectorAll('blockquote[data-secret="'+t.secret+'"]'),c=new RegExp("^https?:$","i"),i=0;i<o.length;i++)o[i].style.display="none";for(i=0;i<a.length;i++)s=a[i],e.source===s.contentWindow&&(s.removeAttribute("style"),"height"===t.message?(1e3<(r=parseInt(t.value,10))?r=1e3:~~r<200&&(r=200),s.height=r):"link"===t.message&&(r=new URL(s.getAttribute("src")),n=new URL(t.value),c.test(n.protocol))&&n.host===r.host&&l.activeElement===s&&(d.top.location.href=t.value))}},d.addEventListener("message",d.wp.receiveEmbedMessage,!1),l.addEventListener("DOMContentLoaded",function(){for(var e,t,s=l.querySelectorAll("iframe.wp-embedded-content"),r=0;r<s.length;r++)(t=(e=s[r]).getAttribute("data-secret"))||(t=Math.random().toString(36).substring(2,12),e.src+="#?secret="+t,e.setAttribute("data-secret",t)),e.contentWindow.postMessage({message:"ready",secret:t},"*")},!1)))}(window,document);
/* ]]> */
</script>

Desde el Área de Medio Ambiente y Movilidad, en colaboración con el distrito de Moncloa-Aravaca, buscamos contar con la opinión de todas las vecinas y vecinos en el proyecto de zonas verdes. Por este motivo, el próximo 24 de mayo queremos presentarte el proyecto que hemos pensado para las áreas verdes de la Colonia del Manzanares a partir del taller de ideas que realizamos el pasado mes de diciembre. Es una iniciativa abierta en la que seguimos buscando ideas para diseñar entre todas y todos las zonas verdes del barrio de Manzanares.
